 (54 - 1 - 11)?
64
What is the value of 24 - -6 - (-2437 + 2470)?
-3
Evaluate 39 + -48 + 36 - 5.
22
17 + -9 + -15 + 157 + (-14 - (-19 + 2))
153
What is the value of 12 - (-9 + 19 - (-2 - (-12 + 66)))?
-54
What is the value of -42 + -52 + 123 + (-20 - 33)?
-24
What is 219 + (-239 - 2) - (1 - 99)?
76
Calculate -64 + (5 - ((-15 - (-18 + 6)) + -12)).
-44
31 - 17 - (21 - 6) - (-1 - -45)
-45
What is -8 + 11 + (-12 - -4) + 38 + -17?
16
Calculate 12 + (146 + -142 - (21 - 1)) - -142.
138
What is the value of -68 + 40 + (22 - 65) + 33?
-38
What is -45684 + 45683 + 0 + 20 + -1 + -1?
17
Calculate -9285 + 9284 - (-27 - (0 - 1) - -4).
21
Calculate -68 + 222 - (104 + -19).
69
Evaluate (-26 - (15 + -41 + 19)) + 73.
54
What is the value of -28 - (-19 + -36) - 15 - -20?
32
What is (-12 - (11 - (11 + (18 - 14)))) + 27?
19
What is -97 + 54 + 20 - -33?
10
-24 - (51 + (-77 - 50))
52
Evaluate (-14 - 1) + 8 + (14 - (11 + 2)) - -7.
1
16 + 3 - (-359 + 367 + (-2 - 19))
32
Evaluate -15 + 13 + -49 - ((0 - -4 - 14) + 1).
-42
What is (-5 - -10 - -2) + -35 + 25 - 14?
-17
Calculate -10 + -1 - (-9 - (-5 + -21)) - -9.
-19
What is -25 + 29 + (7 - (12 - 4)) - 42?
-39
Evaluate (-25 - 6) + 8 + (3 - 4) + -21.
-45
What is the value of (47 - -1) + (6 - 12) + 13 + 1?
56
-179 + 148 + 1 + (-2 - 8)
-40
What is (129 - 0 - 66) + -21?
42
What is the value of 3 - (-4 - 1) - -2 - (-4 - (56 + -8))?
62
Evaluate -40 - (-1 - -27) - (-1 + -5 + 1 + -3).
-58
-6 + 6 + 0 + -43 - (45 - (36 - -12))
-40
Evaluate -290 + -188 + 382 + (-38 - -2).
-132
18 + 1 - ((103 - 41) + -38)
-5
(4 - 20) + (23 - (0 - -20)) + 56
43
Calculate (-6 - 32) + 40 - 47.
-45
(-373 - -356) + -2 + -23
-42
(-91 - -130) + -140 + -4
-105
What is 39 - (28 - 8) - -30?
49
Evaluate 20 + (-9 - -25) + (-72 - -46).
10
Calculate 225 - 217 - (15 - -1) - 4 - 14.
-26
What is -13 + 1 + 14 - (0 + (141 - (1 + -2)))?
-140
What is the value of (-4 - -2) + -15 - (71 - (130 - 53)) - 3?
-14
Evaluate -2 + (69 - 109) + 58.
16
Evaluate (82 - (34 + 47)) + -111 + -5.
-115
Evaluate -41 - -22 - (-100 + 96).
-15
(51 - (-4 - -15)) + -2 + 4 + -3
39
Calculate 19 - (-31 + (2 - (-4 + 10))).
54
Evaluate (18 - 18 - 5) + 2 + 5 + 34.
36
What is 60 - (-51 + 18 + 61)?
32
Evaluate -46 - (1 + (1 - -1)) - (1783 - 1785).
-47
-19 - -26 - -2 - (-13 + 9 + 40 + 1)
-28
What is the value of 147 + (-212 - -90) + 97?
122
86 - (-44 + 118) - (29 + 0)
-17
Evaluate -45 + 4 + 27 - (-1 + -17).
4
Evaluate (20 + -27 - 14 - -17) + -4.
-8
What is the value of (-78 - (45 - 99)) + (45 - 2)?
19
-10 + -1 + (-87 - (-2 + -110))
14
Calculate (109 - (-52 - -86)) + -59.
16
77 + -253 + (-52 - -166)
-62
What is the value of -128 - (-109 + 100) - -171?
52
What is the value of -14 + (6 - 0) + 30 + (20 - (13 - 10))?
39
Evaluate -20 - (121 - 129) - (0 + -2 - -1) - 74.
-85
3 - (-7 + 8 + (21 - ((9 - -2) + -20)))
-28
Calculate (-1 - -15) + -10 + (45 - 26) - -7.
30
-19 + 8 + 39 + -21 - (-23 + -9)
39
Calculate 47 + -3 + 0 + -3 + (306 - 312).
35
Calculate 98 + -171 - (-6 - (-5 + (-10 - 6) + 3)).
-85
86 - (103 + -137 + 132)
-12
What is 32 + (-44 - -61 - (0 - -10))?
39
Evaluate 19 - 4 - (-20 - -42).
-7
Calculate 35 + -17 - (-302 + 292).
28
Evaluate 0 + -57 - ((22 + 11 - 27) + -8).
-55
What is -53 + 2 + (-18 - -10) + 19?
-40
What is the value of 122 + 2 - (-6 + (21 - -6) - 1)?
104
What is 10 - ((-7 - (1 - 6)) + (-1 - 3) + 41)?
-25
What is (-14 - (-23 - 22) - 4) + 6 - 6?
27
Evaluate 42 - (-57 + 38 + (-2 - -41)).
22
-124 + 117 - (7 + (5 - 10) + -5)
-4
Calculate (-6 - (-49 - -3)) + -139 + 117.
18
Evaluate 73 + -18 - (3 + 10 + (2 - 13)).
53
What is (-27 - (-25 + (12 - 7))) + (-107 - 1)?
-115
(354 + -377 - (-64 - -3)) + -108
-70
What is the value of 53 + (74 - 88 - (9 - (10 + -2)))?
38
-99 + -66 + 18 + 253
106
-79 - (-83 + -68 - -51)
21
What is 49 + -134 + 70 + 18 + 5?
8
What is 1 + -7 + (-3639 - -3655)?
10
What is -221 + 96 - (-70 - 12)?
-43
38 - (0 + 147 + (-18 - -35))
-126
What is the value of -8 - (1 - (10 + -10)) - (22 + 8)?
-39
What is the value of 22 + 0 + (-26 + 54 - 87)?
-37
What is -1 + -10 + (19 - (6 + 6)) - (-9 + 4)?
1
What is the value of 8 + -12 + 17 + -40 + (-5 - -2)?
-30
-106 + 91 + -2 + (-2 - (-118 + 9)) - 8
82
Evaluate 666 - 676 - (25 + -2).
-33
-14185 + 14249 + (-1 - 24)
39
What is -14 + (-7 + -12 + 4 - -26 - 9) - -21?
9
Evaluate -26 - (34 + -138 + -13 + 2).
89
What is the value of 39 - (119 + -91 - 8)?
19
4 + (-8 - 7) + 2 + -32 + -15
-56
-12 + 20 + 11 + 0 + (0 - 5 - 2)
12
78 - (125 + -21 + -118 - (-1 + -23))
68
2 - (-45 - (-13 + 14))
48
What is the value of -37 - (30 + 3 - (225 + -212))?
-57
What is (29 - (40 - 16)) + (-23 - (-10 - (4 + -5)))?
-9
Evaluate 2 - 5 - (-71 - (-71 - 12)).
-15
(-55 + 69 + -23 - (0 - 18)) + (-145 - -3)
-133
What is the value of 39 + -261 + 118 + 70?
-34
What is -141 + (47 + -36 - -74)?
-56
What is the value of 0 + (0 - ((3 + -8 - -11) + (-36 - -42)))?
-12
(-1 - (-2 - -30)) + (13082 - 13136)
-83
What is (29 - (-6 - -12)) + 89 + -92?
20
Calculate -9 - (-43 - -11 - 46).
69
Evaluate 2 + 60 - ((-14 - 4) + (25 + 6 - 14)).
63
-33 - -5 - (131 - 215)
56
What is -74 - (-26 - (-98 + 55))?
-91
Evaluate -21 + 7 + 64 + -9.
41
(-48 - (-3 + -15) - -36) + -12
-6
What is (-5 - 22) + (54 - (38 - 48))?
37
What is the value of -2 - (-15 - -17 - 28)?
24
What is the value of (2 - (-11 - ((1 - -3) + -2))) + 1594 + -1700?
-91
-555 - -523 - (-19 + 3)
-16
Evaluate -4 - (-1 - (-9 + -8 - -11) - (-2 + 37)).
26
Evaluate (1 - -65) + (-7 + 0 + -4 - (-194 - -185)).
64
Calculate (-1 - 6) + (7 + -3 - (295 - 367)).
69
Calculate (-21 - -28) + (3 - (48 - 5)) + 7 + -7.
-33
What is the value of -58 - (-9 + 0 + 7 + 7) - (-7 - 3)?
-53
Evaluate -18 + -3 + 14 - (-46 - 1).
40
Calculate 28 + -28 + 19 + -50 + 3.
-28
Evaluate -70 + 44 - -23 - -1.
-2
What is -38 + 11 + -34 + 47?
-14
What is the value of ((5 - 12) + 3 - 4) + 0 + 33 + -69?
-44
Evaluate -4 + 2 + -2 + -135 + 141 - 34.
-32
What is the value of -4 + 50 + (-36 - 1) + 0 + 9 - -5?
23
Evaluate (19 + -1 - (287 - 267)) + -38 + 0.
-40
(-72 - -102) + -27 + (-18 - -16) + -1 + 21
21
What is the value of 9 - 23 - (-27 + -9 + 18 + -1 + -11)?
16
(2 + 39 - 32) + 9
18
Evaluate (993 - 1072) + 3 + -17.
-93
Calculate -12 + 23 + -49 + 20 + 7.
-11
What is the value of (-2095 - -2023) + -1 + 47?
-26
-72 + (30 - -25 - 10)
-27
Evaluate 44 + 30 + 20 - 47.
47
What is 2 + (-11 - (4 + 5 - 49))?
31
What is -70 - (3 + -124 + 140 + (-26 - 2) - -3)?
-64
221 + 119 + -209 + -214
-83
Calculate 24 - 4 - (50 + 5).
-35
What is the value of -3374 + 3340 + -1 + 82?
47
Calculate 72 + -109 + 30 + 31.
24
What is the value of -44 + 0 + (-103 - 4 - -224)?
73
What is the value of 5 - (-7 - (-22 + 14)) - (-6 + (36 - -3))?
-29
-1 - -16 - 25 - (-1 - -4)
-13
-26 + 37 + -24 - (-5 - -17 - -7)
-32
Calculate -9 - (-18 - (14 - 26)) - 33.
-36
-15 + (-25 - 42) + 48
-34
148 - (-61 - (-58 - 22) - (-2 - -13))
140
(5 + -58 - 69) + 53
-69
What is the value of (-22 - (31 - 38)) + 3 + 15?
3
Calculate -4 + 0 + 28 + -90 + 75.
9
Calculate (-92 - -193) + (2 + -2 - 26).
75
Evaluate (57 - 47 - (-2 - -1)) + (8 - 20).
-1
What is the value of 141 + -46 + 1 - (-4 - 4)?
104
What is 16 - (-11 - -9 - (0 + (8 - 13)))?
13
Calculate 4 + (-2 - 4) + -69 + (8 - 20) + 18.
-65
Calculate -64 - ((5 - 8 - -24) + -26 + 33 + -21).
-71
Evaluate 2 - ((11 - -1) + -1) - (84 + -34) - -8.
-51
Evaluate 61 - (0 + -74 + 145).
-10
What is -5 + -2 - (-157 + 180 + (-2 - 122)) - 1?
93
What is the value of (94 + -251 - -47) + 199?
89
What is the value of 11 - (12 - 6 - -17 - 4) - -9?
1
-105 - (-29 - -4 - (-63 - -54))
-89
Calculate 18 + 6 - (30 + -19 + -2).
15
What is the value of 13 - ((-34 - -41) + -32 + (-4 - (1 + -3)))?
40
Calculate -25 + 47 + -46 - -28.
4
What is (-37 - -2) + -12 + 99?
52
Calculate 48 - (123 + 16 - 90).
-1
What is the value of (-121 - 29) + (55 - -77)?
-18
96 + (-36 - -20 - -14)
94
What is -36 + 125 + (98 - 160)?
27
What is the value of 0 + (-16 - 0) - (57 + -115 + 18 + -21)?
45
What is 58 + 8 + (-10 - 15) + 8 - 16?
33
Calculate 4 - -27 - 28 - (-39 + -4 + (2 - -1)).
43
What is 2 - 6 - (1 + 1 + 5) - (27 - 18)?
-20
Evaluate 46 + (-2 + -2 - -2) + 93 + -101.
36
18 - (96 + 3 + 21 + 14 + -53)
-63
Calculate -10 - (41 - (117 - 46 - 30)).
-10
What is -80 - -2 - ((51 - 22 - 6) + -1 + -11)?
-89
What is -35 - -88 - (13 - -5 - 32 - -16)?
51
What is 64 + -